27)). Let k be 147/(-3) + (3 - (-3)/i). Let w = k + 64. What are the prime factors of w?
3, 5
Let b(j) = -1421*j - 3. Let r be b(-3). Suppose -4*p + 5707 = -5*g, 2*g = -3*p - g + r. List the prime factors of p.
1423
Suppose -1010 = -4*y + 2*p, -3*p = -3*y - 4*p + 755. Let f = 14 + -134. Let q = y + f. List the prime factors of q.
2, 3, 11
Let z = 2264 + -1194. Suppose 32*l - 30*l = z. What are the prime factors of l?
5, 107
List the prime factors of (-26450)/(-75)*(470/4 + 1).
23, 79
Let n(m) = -m**2 - 16*m + 14. Let c be n(1). Suppose 0 = r - 3*r - 56. What are the prime factors of r/c - (-1)/(-3)?
3
Let l(n) = n**3 - 2*n**2 - 5*n + 10. Let q be l(3). Suppose -5*f + 4*o = -1914, -q*f + 1528 = 46*o - 50*o. What are the prime factors of f?
2, 193
Let k = -32 + 46. Let d(o) = o**3 - 15*o**2 + 18*o + 9. Let l be d(k). Let y = -23 + l. What are the prime factors of y?
2, 3, 7
Let t(n) = 236*n + 73. Let z(y) = 236*y + 70. Let k(p) = -2*t(p) + 3*z(p). List the prime factors of k(5).
2, 311
Suppose 2*p + 5 = -5*r, 4*p - 2*r + 0*r = 26. Let f = -1 + p. Suppose 3*g + 85 = 2*q + 272, -g = -f*q - 79. What are the prime factors of g?
59
Suppose -5*c = 2*q - 68, 3*c + q - 2*q - 32 = 0. Suppose -4*g - c = -12. Suppose g = 5*t - 7*t + 388. List the prime factors of t.
2, 97
Suppose -549 = 6*d + 1671. Let w = 76 + 463. Let u = w + d. What are the prime factors of u?
13
Suppose -30 = 4*s + 3*i - 151, -s = -3*i - 49. Suppose -x = -4*n + 2*x + s, n - 5 = -x. Suppose 5*a - n*a + 282 = 0. What are the prime factors of a?
3, 47
Let q = -7 + 25. Suppose 5*r - 20 = -2*u, r + 4*u = 2*r + q. Suppose 4*x - 2*t = r*t + 164, t = -1. List the prime factors of x.
2, 5
Let g(l) = -l**2 + 5*l + 9. Let m be g(5). Suppose m*p - 8*p + 184 = 0. Let d = -101 - p. What are the prime factors of d?
83
Suppose 4*n + 4*q + 16 + 24 = 0, -5*n + 5*q - 50 = 0. Let d = n - 0. Let y = d - -25. What are the prime factors of y?
3, 5
Let j = -6 - -7. Suppose 2*u + 5 = j. What are the prime factors of 3 + (1148/26 - u/(-13))?
47
Let m = -10 - -6. What are the prime factors of 21*(1 + (560/12 - m))?
5, 7, 31
Suppose -1153*f - 37212 = -1165*f. What are the prime factors of f?
7, 443
Let s(x) = -x**3 + 8*x**2 + x - 2. Let h = -51 + 59. Let r be s(h). Suppose r*a + 279 = 9*a. List the prime factors of a.
3, 31
Let n = -24 - -26. Suppose -n*x + 6 = -2. Suppose 0 = 4*k + x*v - 304, -2*k + 2*v - 232 = -5*k. What are the prime factors of k?
2, 5
Suppose 14 = a - 5*y, 4*a - 128 = -y + 3*y. Suppose 3*b = -r - 35, 2*b + 2*r = 4*r - a. Let u = 127 - b. What are the prime factors of u?
2, 5, 7
Let u = 118 + -64. Let g = -5 + u. What are the prime factors of (-14)/g + 408/7?
2, 29
Let l be (-3 + (-7)/(-2))*0. Suppose -4 = 2*f + 2*z, -3*z + l*z - 6 = 0. Suppose 92 = j + j - n, f = 3*j - n - 140. What are the prime factors of j?
2, 3
Suppose -z = 3*o - 64393, -23*z + 64399 = 3*o - 25*z. List the prime factors of o.
3, 5, 53
Let w = -493 + 1533. Suppose o - 2*y - 432 = 0, -2*o - 2*y = 182 - w. List the prime factors of o.
2, 5, 43
Let i = -78 + 84. Let y be -4 + i + -4 - -5*20. Suppose 4*a + 3 + 58 = 3*g, -y = -4*g - 3*a. What are the prime factors of g?
23
Let i(d) = -4*d - 18. Let x be i(-5). Let j be -320*(5/25)/((-1)/x). Suppose 129*h - 61 = j*h. What are the prime factors of h?
61
Let i = 48 + -41. Let z be (2 + -1)*((-6)/3 + i). Suppose -h + 1180 = z*s, 4*h + 0*h - 708 = -3*s. List the prime factors of s.
2, 59
Suppose -1395 + 216 = -3*g. Suppose 3*q - 4*x - 835 = 0, -2*q + g = 2*x - 145. List the prime factors of q.
3, 7, 13
Suppose 2*y + 662 + 198 = -2*f, 2*f - 4*y + 836 = 0. Let b = 275 - f. Suppose 0 = -5*w - v - 131 + b, -2*v + 10 = 0. What are the prime factors of w?
113
Let u(g) = 3795*g + 200. What are the prime factors of u(3)?
5, 7, 331
Suppose 0 = 226*r - 197*r - 495581. List the prime factors of r.
23, 743
Let c = 220 - -174. Suppose c = r + m, 4*m = -5*r - 270 + 2242. What are the prime factors of r?
2, 3, 11
Let t(z) = 81*z**3 - 17*z**2 + 91*z + 23. List the prime factors of t(5).
2, 7, 727
Suppose -15 = s + 2*s, y + 3*s = -10. Suppose a + 200 = -t - 2*t, -403 = 2*a + y*t. What are the prime factors of 6/126*7 - a/3?
2, 5, 7
Let c(q) = 2*q + 290 + 0*q**2 + 0*q**2 - 297 - q**3. What are the prime factors of c(-5)?
2, 3
List the prime factors of (48/(2 + 1))/(46/16652).
2, 181
Let b be (-96)/(-3) + (-7)/((-21)/(-6)). Suppose -6*w - 114 + b = 0. Let r = 30 + w. List the prime factors of r.
2
Suppose 3*i = 5*t - 20, 0*t + 2*i = -2*t + 8. Suppose -m = 4*l + m - 574, 0 = t*m - 4. Suppose 3*u - 34 - l = 0. What are the prime factors of u?
59
Suppose 7920 = 3*k + 2*c, 1931 = k - c - 714. List the prime factors of k.
2, 1321
Let h = 3833 + -2192. Let k be (-10)/25 - 1*h/(-15). Let z = -69 + k. What are the prime factors of z?
2, 5
Let x(g) be the third derivative of 3*g**5/10 - g**4/6 - 5*g**3/3 - 31*g**2. Let u be x(-2). List the prime factors of ((-3)/(3/2))/(u/(-8645)).
13, 19
Let i(k) = k**3 + 4*k**2 - 5*k - 9. Let q be i(-4). Let u(n) = n**2 - 10*n - 14. Let f be u(q). List the prime factors of f + (52 - 0 - 1).
2, 3
What are the prime factors of 22162*(1728/1536 + (9/(-8))/(-3))?
3, 7, 1583
Let z(g) = -739*g - 16. Let d be z(3). What are the prime factors of (-6 + d/21)*3/(-1)?
337
Suppose 4*k + 4*b = 114804, 16*b - 18*b = -k + 28710. List the prime factors of k.
2, 3, 13, 23
Let h = -42 + 47. List the prime factors of 382 - 6 - (1 - h).
2, 5, 19
Suppose 75*b - 21361 = -1261. List the prime factors of b.
2, 67
What are the prime factors of (484/363)/(4/8421)?
7, 401
Suppose -t = -2*c - 43, -4*t = -0*t - c - 137. What are the prime factors of t/12 + -3 + 1791/12?
149
Let h(u) be the third derivative of -91*u**6/120 - u**5/20 + 2*u**3/3 + 72*u**2. What are the prime factors of h(-2)?
2, 3, 5
Let r = 318 + -266. What are the prime factors of r*7 - (-3 + 1)?
2, 3, 61
Let z(n) = -24*n**3 + 44*n**2 + 279*n + 13. List the prime factors of z(-9).
2, 9281
Let v be (40/14)/(50/1225). Let r = 76 - v. What are the prime factors of -2 + (r - 2 - 2) - -65?
5, 13
Let a(q) = 8*q + 13. Let d be a(5). Suppose -2*k + k = d. Let b = k - -126. What are the prime factors of b?
73
Let w be -18*(-1)/2*(-6)/(-9). Suppose 0 = 2*i + i - w. Suppose 0 = -4*b - 5*o + 249 + 207, 603 = 5*b - i*o. List the prime factors of b.
7, 17
Let m(c) = c**2 - 9*c + 37. Let q = 329 + -339. What are the prime factors of m(q)?
227
Suppose 0 = -272*o + 277*o - 61665. List the prime factors of o.
3, 4111
Suppose 3306 + 1428 = -18*g. Let c = g - -665. List the prime factors of c.
2, 3, 67
Let d(s) = s**3 + 2*s**2 - 2*s + 2. Let b be d(-3). Let v(c) = 197*c**2 + 3*c + 2. Let m be v(b). Suppose 0 = -4*o + 2*o + m. What are the prime factors of o?
2, 7
Let m = 175 - 110. Let c = -39 + 90. Let b = m - c. What are the prime factors of b?
2, 7
Suppose -5*d = -6*c - 81197, -5*d - 2*c = -15781 - 65440. List the prime factors of d.
37, 439
Suppose 0 = 2*b + 2*l + 2, 15 = -5*b + 11*l - 14*l. What are the prime factors of (-26748)/(-20) + b/15?
7, 191
Let i = -25 + -38. Let p be (-1 - 254/10)/(i/210). Suppose -2*b - 3*l + p = -l, -l - 140 = -3*b. List the prime factors of b.
2, 23
Let b be ((-63)/(-14) - -1) + 3/2. Let y(r) = 4*r**2 + 9*r - 21. List the prime factors of y(b).
2, 7, 17
Suppose -105210 = -10*k - 4*k - k. What are the prime factors of k?
2, 3, 7, 167
Suppose -24*k + 48*k - 1728 = 0. Suppose 0 = -w + z + k, 2*w + w + 2*z - 211 = 0. What are the prime factors of w?
71
Let c(d) = -2*d**3 - 26*d**2 - 18*d - 1. Let f be c(-14). Suppose -z - u + 318 + 16 = 0, 2*z - 3*u = f. What are the prime factors of z?
7, 47
Let s(x) = 79*x - 180. Let t(z) = 2*z + 1. Let v(f) = -s(f) - 3*t(f). List the prime factors of v(-5).
2, 7, 43
Suppose 51 = -5*g + f, -g + 2*f - 16 + 4 = 0. What are the prime factors of (-1 + (-434)/g)/((-36)/(-90))?
2, 53
Let s be 3/12 + (1/(-4))/1. Let y be 2 + -4 + (-3 - s) + 7. Suppose y*o = -0*o + 54. List the prime factors of o.
3
Let b = -35 + 33. Let k be (-90)/(-21) - 2/7 - b. Suppose 2*w = -w + 4*x + 207, -2*x - k = 0. What are the prime factors of w?
5, 13
Suppose -r = 24 - 15. Let n be 7/6*(r - -15). What are the prime factors of (0 + -75)*(-9 + n)?
2, 3, 5
Suppose 0*i = 4*x - i + 15, 0 = 5*x - i + 19. Let d(u) = 14*u -